= d*n - 23*n. Is n a prime number?
True
Let z be 72/(-6)*22/8. Let r = z + 12. Is 4175/35 + 6/r a composite number?
True
Let i be (294/(-10) - 3)*(-60)/18. Is (-81)/i - 19342/(-8) prime?
True
Let w be (-71 - 4261) + -3*-1*1. Let q = w + 6428. Is q a prime number?
True
Let o(z) = -14*z**3 + 19*z**2 + 5*z + 5. Let v be o(-11). Let u = -14246 + v. Is u composite?
False
Is (-36)/10 - (-1043816)/10 composite?
True
Let n(m) = -238614*m + 2401. Is n(-14) prime?
False
Let v be 9 - 1 - (-24 - -22). Suppose -15*r + v*r = -4035. Is r prime?
False
Let n = 31 - 30. Let c be n + 613 + (13 - 11). Let r = 1083 - c. Is r a prime number?
True
Suppose 5*v - 3*u = 990841, -53*u = -58*u + 40. Is v composite?
False
Is ((-780)/48 - -17)/(6/94904) composite?
False
Suppose 0 = 2*s, 2*s + 97598 - 722 = 4*v. Let c = v - 11564. Is c a composite number?
True
Let f(g) be the first derivative of 94*g**3/3 + g**2/2 + 35*g + 31. Is f(-4) a composite number?
True
Let i = 543 + -558. Let u(v) = -v**2 - 100*v - 4. Is u(i) composite?
True
Suppose 9*o + 1 + 17 = 0. Is (16597/(-14))/(1/o) a prime number?
True
Let z be 11 - (-3 + 7 - 1). Suppose 19 = z*j - 13. Suppose j*t + 462 = k - t, -2*k + 969 = -t. Is k a prime number?
True
Let k = 2080 + -1123. Suppose 20 = -5*u, -3125 + k = -x + 5*u. Suppose x = 3*y + 687. Is y prime?
True
Suppose 0 = -24*l + 3706 + 1214. Suppose 126 = -2*a + 3*i + 29, 89 = -2*a - 5*i. Let q = a + l. Is q a composite number?
True
Suppose 28*q - 60 - 52 = 0. Suppose 33*w + 224800 = q*p + 38*w, 3*p = 5*w + 168565. Is p prime?
False
Let i(s) = 2*s**3 + 114*s**2 + 82*s + 579. Is i(-51) a composite number?
True
Is (4711806/39 - (-24)/52) + -5 prime?
True
Let t(j) = 842*j - 424*j + 124 + 169*j**2 - 446*j. Is t(7) prime?
True
Let x be -1 + 6 + -5 - 15*-1. Suppose -1605 = -x*m + 12*m. Is m a prime number?
False
Let f(l) = l**2 + 12*l - 20. Let j be 1 - (12 - (-1 + 1 + -3)). Let o be f(j). Suppose -719 - 3497 = -o*m. Is m prime?
False
Suppose 0 = -3*c + 4*l + 226616, 302153 = 4*c - 17*l + 12*l. Suppose -372*s = -368*s - c. Is s prime?
False
Let i(x) = -34552*x + 3969. Is i(-59) a composite number?
True
Let g(k) = -k**3 - 29*k**2 + k + 34. Let u be g(-29). Suppose u*q - 5566 = -n + 20531, 5*n - 5229 = -q. Is q composite?
True
Is (-20)/880*4*-528803 composite?
False
Let w(g) = -1955*g + 71. Let x be w(-6). Suppose 5*a + 3216 = x. Is a a prime number?
False
Let l(q) = 655*q + 2 - 6 + 2. Let x = -76 + 83. Is l(x) a composite number?
False
Suppose 54*u - 48*u - 18918209 = -95*u. Is u a composite number?
True
Suppose 107*m = 34*m + 23480231. Is m a composite number?
False
Let g(n) = -186*n - 17. Let h(z) = 185*z + 18. Let a(v) = -3*g(v) - 2*h(v). Is a(19) prime?
False
Suppose 319*u = 320*u - 2. Suppose u*b - 3*x - 7268 = -0*x, 0 = 4*b + x - 14550. Is b a composite number?
False
Suppose 5*f - k = 57609 + 17622, 0 = 4*f + 2*k - 60196. Is f prime?
False
Let o be 1/(-3*6/(-72)). Is o*96505*(-5)/(-100) composite?
False
Let c be 16/48 + (-3959)/(-3). Let p(b) = 13*b**2 + 7*b + 3. Let x be p(-5). Let m = c - x. Is m a prime number?
False
Let l = -4431 + 7808. Is l a composite number?
True
Let p(q) = -3*q**2 + 51*q + 35. Let l be p(17). Suppose l*x - 44*x + 178479 = 0. Is x prime?
False
Let j(b) = -4*b - 25. Let s be j(-8). Let w(u) = 48*u - 8. Let x be w(s). Suppose -665 = -3*p + x. Is p a composite number?
False
Suppose 5*p - 2*z + 7 = 0, 3*p - p = 3*z + 6. Is (-27 - -1291) + 0 + 1*p a prime number?
False
Let z(f) = -1481*f - 8334. Is z(-43) a prime number?
False
Suppose 0 = 2*k + q - 47, -2*k + 14 = -q - 27. Suppose 2*m + v - 7 = 0, k = 2*m + 5*v - 5. Is 60*(-700)/(-18) + m/(-3) composite?
False
Suppose -9*g = -8*g + x - 180549, -3*g = 4*x - 541645. Is g a composite number?
True
Let p be 1539/297 + (2 - 48/22). Suppose -a + 66350 = p*u, -3*a - 5729 = -3*u + 34099. Is u a prime number?
False
Suppose -23*b + 2728025 + 3132847 + 1298545 = 0. Is b a composite number?
False
Let c = -909 - -1285. Let q be (61*2)/(16/c). Suppose b - q = -0*b. Is b a composite number?
True
Let d be (-272)/(-20) + (-14)/(-35). Is (3 - -4)/d*5626 composite?
True
Is (203/(-63))/(-29) - 3584552/(-36) composite?
False
Suppose r = 2*z - 398503, 2*r - 133636 = -5*z + 862581. Is z a composite number?
False
Suppose 3*i = 403 + 3311. Suppose 5*n = -4 - 6. Is i/4 - n/(-4) prime?
False
Let p be 6 - 9*(-12)/4. Suppose p*w - 2879 = 32*w. Is w a composite number?
False
Let j = 82 + -77. Suppose -j*t + 6 + 19 = 0. Suppose t*s - 19*s = -20426. Is s prime?
True
Let x = -1859 - -4869. Suppose 0 = 5*r + 5*m - 8790 + x, m - 5 = 0. Is r prime?
True
Let v be (48/(-28))/(-6) + (-232559)/(-7). Suppose -21*c + v = -126566. Is c a prime number?
False
Let t be 22/(-99) + (-5006)/(-9). Let i = 1247 - t. Is i a composite number?
False
Suppose -4*v + 2*u + 1590808 = 0, 0 = 14*v - 10*v + 5*u - 1590822. Is v a prime number?
False
Suppose -45 = -4*a - 5*a. Suppose a*m + 12985 = 37130. Is m a prime number?
False
Suppose 47*q = -8*q + 3340315. Is q prime?
True
Suppose k - 21 = -k + 5*y, -4*y - 27 = -5*k. Suppose 5*g = r - 5391, 3*g - 4801 - 11336 = -k*r. Is r composite?
False
Is 55552 - ((-60)/(-12) + -18) prime?
False
Let b(i) = i + 119. Let s be 501*(-1)/(-9) + (-2)/(-6). Let p = s - 56. Is b(p) composite?
True
Is ((-14)/(-4) - 3)/(37/9060782) prime?
True
Suppose 5*b + 7 - 42 = 0. Suppose 24 = -3*x + b*x - 2*g, 4 = g. Suppose -x*i + 606 = -506. Is i composite?
False
Let m = 62 - 62. Suppose m = -11*k + 22*k - 46651. Is k a composite number?
False
Let d(w) = 2*w**2 - 2*w - 2. Let f be d(-2). Let n(o) = -5 - o**3 + 11*o**2 + f*o - 3 - 14*o - 3*o**2. Is n(7) prime?
True
Suppose 0 = 898*r - 934*r + 6264468. Is r prime?
False
Let s(w) be the second derivative of 2*w**4 - 5*w**3/6 + 5*w**2/2 - 2*w + 48. Let r(h) = h**3 + 4*h**2 + 2*h - 7. Let q be r(-3). Is s(q) composite?
False
Let b(n) = 62*n**2 - 2*n - 3. Suppose 80 = -m + 5*s, 4*m + 4*s = 8*m + 320. Let p be (m/32)/((-2)/4). Is b(p) a composite number?
True
Let z(w) be the first derivative of -w**3/3 + 2*w**2 + 5*w + 11. Let r be z(9). Let i = r - -89. Is i composite?
True
Suppose 8 = -7*l + 22. Suppose 0*j + j - l = 0. Suppose 0 = 4*x + j*h - 1366, -6*x = -9*x - 3*h + 1026. Is x a composite number?
True
Suppose -2*i + 44 = 9*i. Suppose 2821 = i*t - 927. Is t a composite number?
False
Suppose 0 = -23*j + 9*j - 1008. Let t = 75 + j. Suppose 5*l - t*b = 5764, -5*l + 0*l + 5749 = 2*b. Is l a prime number?
True
Let p be 5 + (-2 - -4)/(-2). Suppose -1 = 5*r + 3*c - 12, -p*r = -2*c. Is -8*r/3*5169/(-4) composite?
True
Let j be 0 + (-1 - 2)/(-3) + 3. Suppose -o = -0*o - j*k - 51, 0 = 2*o + 5*k - 50. Is o/14 - (-8292)/8 a composite number?
False
Let d = 2985 + -5017. Let y = -3682 - d. Let r = 2689 + y. Is r composite?
False
Let g(n) = n**3 - 3*n**2 - 19*n + 10. Let w be g(6). Suppose 0 = w*j + 3*s - 7853, 0 = -4*j - 10*s + 6*s + 7856. Is j a prime number?
False
Suppose 5*u + 13 - 73 = 0. Suppose 107*c = 92*c + 2115. Suppose u*s - 9*s = c. Is s composite?
False
Let j be (-6)/30 - 2/5*-21163. Let w = j + -5817. Suppose -c - 4*h = -517, 3*c + w = 8*c - h. Is c composite?
True
Let g(f) = 2*f - 35. Let i be g(13). Let o(x) = 5*x**2 + 27*x + 9. Let q be o(i). Let d = -88 + q. Is d a prime number?
True
Let p(m) = m**2 + 26*m + 133. Let r be p(-18). Let u(n) = 6*n**2 - 9*n - 44. Is u(r) composite?
True
Is (6*20/600)/((-2)/(-10970)) composite?
False
Let v be 50 - 58 - 144712/(-2). Suppose 7*m + v = 11*m. Is m composite?
True
Let z(r) = -8*r**3 - 5*r**2 + 7*r + 45. Suppose -4*n + 2*j = -9*n - 29, -5*n - 26 = 3*j. Is z(n) a prime number?
False
Let o(y) = 20596*y - 1235. Is o(7) composite?
True
Is 8*-1 + (191131900/(-75))/((-20)/15) prime?
True
Suppose -9*h - 2*g + 799899 = -6*h, 1066532 = 4*h - g. Is h a prime number?
True
Let w(s) = 154*s**3 - 6*s**2 + 53*s + 77. Is w(6) a composite number?
True
Let x = -548 - -538. Is x*1*136597/(-46) composite?
True
Suppose 4*n - 3*h - 269249 = 0, 4*h - 9*h = 5*n - 336500. Is n a prime number?
True
Suppose -567199 + 4897744 - 251904 = 21*n. Is n prime?
False
Suppose -5*v - 538892 = c - 2356312, -4*c = -2*v - 7269834. Is c a prime number?
False
Let q(t) = 55*t**2 - 5*t + 233. Is q(23) prime?
False
Suppose -w + 70 = -5*o, 3*w - 2*o - 327 = -2*w. Let z = 66 - w. Is (-